- 9. Let f be j(-5). Let z = f + 1. List the prime factors of -278*(9/z - 10/(-4)).
139
Let t be 2/(-2) + (-45 - (1 - -1)). Let q = -48 - t. Suppose 3*x - 26 - 355 = q. List the prime factors of x.
127
Suppose 0*x + 10*x = 3540. List the prime factors of (-2*(-20)/(-16))/((-3)/x).
5, 59
Let m(b) = -2 - 2*b**2 + 185*b**3 - 2 - 43*b**3 + 3 + 4*b**2. Let v be (0 - (0 - -1))/(-1). What are the prime factors of m(v)?
11, 13
Let c(k) be the second derivative of 0 + 129/2*k**2 - 1/6*k**4 + 22*k - 1/20*k**5 - 1/6*k**3. List the prime factors of c(0).
3, 43
Let l be 3223 - (18/(-12) - 1/2). Suppose -9*m + l + 2031 = 0. List the prime factors of m.
2, 73
Suppose -g - 7 = -11. Suppose -2*m - 12 = -g*m. Suppose 0 = -3*o + 4*o - m. What are the prime factors of o?
2, 3
Let a = 21 - 19. Suppose -2*n - 484 = -4*n + 5*u, 1181 = 5*n + a*u. Suppose 0 = 5*k + 2*r - 24 - n, 3*k - 2*r = 163. List the prime factors of k.
53
Let x = 22745 - 10596. List the prime factors of x.
12149
Let p(l) = 359*l - 1720. List the prime factors of p(33).
13, 19, 41
Let l(q) be the second derivative of q**4/12 - 3*q**2 + 23*q. Let c be l(-3). What are the prime factors of (212/6)/((-200)/72 + c)?
3, 53
Suppose -430658 - 6129686 = -248*w. List the prime factors of w.
7, 3779
Let h(x) = 57*x**3 - 3*x**2 - 27*x - 50. What are the prime factors of h(6)?
2, 1499
List the prime factors of (-1974823)/(-776) - 1/(-8).
5, 509
Let a = -515 + 515. Let h(k) = -9*k + 296. What are the prime factors of h(a)?
2, 37
List the prime factors of ((-19)/(190/(-2360)))/(6/1020).
2, 5, 17, 59
Suppose 74 + 388 = 22*y. List the prime factors of ((-7)/y)/(2 + 1574/(-786)).
131
Suppose -3*i - 4*d + 1557 = 0, 3*i + 2*d = -678 + 2235. Suppose 714 = 3*v - i. List the prime factors of v.
3, 137
Let m(a) = 41*a - 17. Let l(n) be the third derivative of -n**5/60 + n**4/12 + 31*n**3/6 - 7*n**2. Let q be l(6). List the prime factors of m(q).
2, 3, 5
Let x(q) = 9*q**2 - 11*q + 62. Let d(h) = 13*h**3 - 8*h**2 - 4*h + 3. Let f be d(-1). What are the prime factors of x(f)?
2, 3, 5, 11
Let w(x) = -231*x**3 - 4*x**2 - 110*x - 406. List the prime factors of w(-4).
2, 3, 2459
Let m(t) = -3344*t - 317. What are the prime factors of m(-3)?
5, 29, 67
Let j(x) = -x**3 + 11*x**2 - 2*x - 78. Let f be j(10). Suppose 4*z - 9*z + 3641 = 2*p, 5*p - 9092 = -f*z. What are the prime factors of p?
2, 3, 101
Let v = -449 - -689. Let h = v + -129. List the prime factors of h.
3, 37
Suppose -21*l = -29*l. Suppose -2*k + 334 - 72 = l. What are the prime factors of k?
131
Let z(g) = 3*g**3 + 7*g**2 - 77*g + 126. List the prime factors of z(16).
2, 13, 499
Let d(t) = -t**2 + 9*t + 8. Let w be d(5). Suppose -2*q + w = -4. Suppose q = 5*f + 1. List the prime factors of f.
3
Let r(v) = -2*v**2 - 22*v + 9. Let c be r(-10). Suppose -79 = -h + 52. Let u = h + c. List the prime factors of u.
2, 5
Let s be (-5)/30 - 1/(-6). Suppose 2*p + 15 - 3 = s. List the prime factors of (2/p)/(2*(-2)/660).
5, 11
Let u(h) be the first derivative of 23*h**4/2 + 2*h**3/3 - 3*h**2/2 + 5*h - 79. What are the prime factors of u(2)?
3, 5
Let u = -52315 + 87459. What are the prime factors of u?
2, 23, 191
Suppose 4*z - 3880 = 4*j, -3*z - z - 5*j + 3844 = 0. Let w = 2079 - z. What are the prime factors of w?
3, 7, 53
Let k(m) = 2*m + 34. Suppose -9*i = 62 + 82. Let n be k(i). Suppose -3*l + 101 = -2*l + n*t, -2*l + 175 = -5*t. What are the prime factors of l?
5, 19
Let o(g) = 5*g**2 + 26*g + 8. Let m be o(-5). Suppose -m*s + h + 1409 = 0, -1406 = -3*s + 2*h + 2*h. What are the prime factors of s?
2, 5, 47
Suppose 8*j + 4 - 44 = 0. Suppose 0 = -2*k - x + 767, -5*x - j + 30 = 0. What are the prime factors of k?
3, 127
Let i(u) be the first derivative of 12*u**3 - 6*u**2 - 12*u - 200. List the prime factors of i(7).
2, 3, 139
Let t be -1 + (-8)/(-10) + (-130284)/(-495). Suppose -2*z - s + 695 = 0, -762 = -3*z - 5*s + t. List the prime factors of z.
2, 5, 7
Suppose -88810 = -12*o + 13374 - 16036. List the prime factors of o.
3, 2393
List the prime factors of 10 + (-2496)/248 - (-598060)/124.
7, 13, 53
Suppose 2556855 = 34*v + 7*v + 4*v. What are the prime factors of v?
7, 8117
Let t(q) be the first derivative of q**4/2 - 2*q**3/3 - 3*q + 28. Let a be t(2). List the prime factors of 93 - 6 - (-3 + a).
5, 17
Let h = 441 + -133. Suppose 5*b = 3*k + 459, 4*k - 4*b + 623 = -b. Let d = h + k. What are the prime factors of d?
2, 3, 5
Let r = -821 - -4531. List the prime factors of r.
2, 5, 7, 53
Suppose -16*p + 11*p = 5*n - 1335, p + 7 = 0. List the prime factors of n.
2, 137
Let w(f) be the first derivative of -37*f**2/2 + 38*f + 30. List the prime factors of w(-9).
7, 53
Suppose 1583960 = 113*t - 142*t + 85*t. What are the prime factors of t?
5, 5657
Let t(y) = -y**3 + 8*y**2 + 28*y + 18. Let r be 9 - (0 - -2) - (-4)/2. What are the prime factors of t(r)?
3, 7
Let i be 16/(-2) - (61 - 70). List the prime factors of 908 - (1 + (-9)/i).
2, 229
Suppose 6*o + 198370 + 5438 = 22*o. List the prime factors of o.
2, 3, 11, 193
Suppose -8*x = -245 + 85. Suppose 30*v = x*v + 950. What are the prime factors of v?
5, 19
Let y(i) = i**2 + 5*i - 8. Let b be y(-6). List the prime factors of (-40)/22 - b - (-16624)/44.
2, 3, 7
Let z = -3707 + 16331. What are the prime factors of z?
2, 3, 263
Let z = -108 + 92. What are the prime factors of (-2004)/(-9) - z/(-24)?
2, 3, 37
Suppose -110*i + 343769 = -544921. List the prime factors of i.
3, 2693
Suppose 4*i = -i - 3800. Let b = -424 - i. Suppose 3*q - p - b = 0, 5*q + 3*p + 52 = 598. List the prime factors of q.
3, 37
Let u = -280 + 294. Let r(o) = -o**2 + 40*o - 25. What are the prime factors of r(u)?
3, 113
Suppose 0 = -2*t + 9 - 7. List the prime factors of (-2)/t - 825/(-3).
3, 7, 13
Let f(y) = 22*y**2 + 17*y + 83. What are the prime factors of f(-5)?
2, 137
Let w = 18206 - 10612. List the prime factors of w.
2, 3797
Let x(v) = 9*v - 21. Let t be x(7). Let h = t + 8. What are the prime factors of h?
2, 5
List the prime factors of 1376 - (-1 - (19 - 8)).
2, 347
Let p = -788 + 708. Let r(s) = -12*s + 7. Let i be r(-9). Let z = p + i. List the prime factors of z.
5, 7
Suppose -25*a = -26*a + 3. Suppose -a*o = -o. Suppose -219 = -o*p - 3*p. List the prime factors of p.
73
Let k(i) = 362*i**2 - 5*i + 2. Let g be k(1). Suppose -g - 153 = -8*s. What are the prime factors of s?
2
Suppose -u = 2*u - i - 2014, -5*i = 2*u - 1320. What are the prime factors of u - -9*8/24?
673
Let c = -123366 - -184709. What are the prime factors of c?
61343
List the prime factors of 100/(-2*(-3)/195).
2, 5, 13
What are the prime factors of (-23 + 104533/26)*16?
2, 3, 5, 13, 41
Suppose -z = 3*b - 6, 2*b + 7 = 4*z - 3*b. Suppose -2*j = -f + z*f - 80, -j = 5*f - 192. Suppose 2*t - 64 = f. What are the prime factors of t?
3, 17
Let b(t) = -5*t + 3. Let o be b(-3). Let n be (-96)/36*(-2)/((-8)/1506). List the prime factors of (n/(-10))/(o/45).
251
Suppose 4*i = -2*l + i + 93, 5*l + i - 252 = 0. Let m = l + 113. What are the prime factors of m?
2, 41
Let i(o) = 40*o**2 + 14*o + 249. List the prime factors of i(-19).
14423
Let k = 1277 - -436. Suppose -7*h - k = -4877. What are the prime factors of h?
2, 113
Suppose 58838 = -12*q + 43*q. List the prime factors of q.
2, 13, 73
List the prime factors of (-71)/(3692/(-468)) + (-140388)/(-2).
3, 7, 3343
Suppose x - 2 = -11. Let g be x/(-12) - 6/8. Suppose g*d + 120 = 2*d. List the prime factors of d.
2, 3, 5
Suppose 36 - 6 = v + 2*b, -4*v + 168 = -4*b. Let u(k) = 8*k - 44. List the prime factors of u(v).
2, 5, 13
Suppose 5*n = -o - 1, o + 14 = 13. Suppose -c - 5*s = -109, 5*c - s - 279 - 396 = n. List the prime factors of c.
2, 67
Suppose 224625 + 244318 = 101*z. What are the prime factors of z?
4643
Suppose 342 = -3*m + 3*w, -3*m - 4*w + 118 = 467. List the prime factors of -441*(8/(-30))/((-46)/m).
2, 3, 7
List the prime factors of (-266168)/(-140)*15/6.
7, 97
Suppose 2*m - 4563 - 5521 = 0. List the prime factors of m.
2, 2521
Let m(u) = -13*u - 6. Let o(k) = -52*k - 23. Suppose 0 = 2*p + 18. Let x(w) = p*m(w) + 2*o(w). What are the prime factors of x(17)?
229
Let p be ((-12)/(-10))/((-21)/(-35)). Suppose 0 = 10*r - 7*r - 114. Let q = r - p. What are the prime factors of q?
2, 3
Suppose -63 = -7*f + 427. Let v be 24/10 - 28/f. 